6343?
7, 58049
What are the prime factors of 265349?
7, 37907
List the prime factors of 2826990.
2, 3, 5, 101, 311
What are the prime factors of 3552392?
2, 19, 23371
What are the prime factors of 39107154?
2, 3, 443, 14713
What are the prime factors of 3439000?
2, 5, 19, 181
What are the prime factors of 50257?
29, 1733
What are the prime factors of 1152708?
2, 3, 96059
What are the prime factors of 712158?
2, 3, 19, 6247
What are the prime factors of 664149?
3, 107, 2069
What are the prime factors of 5090470?
2, 5, 7, 11, 601
What are the prime factors of 1103188?
2, 193, 1429
List the prime factors of 12987708.
2, 3, 29, 37321
What are the prime factors of 2248246?
2, 7, 11, 13, 1123
List the prime factors of 7631069.
2029, 3761
What are the prime factors of 1483812?
2, 3, 11, 1249
What are the prime factors of 315251?
315251
What are the prime factors of 2708845?
5, 47, 11527
What are the prime factors of 11655015?
3, 5, 777001
What are the prime factors of 10351404?
2, 3, 7, 41077
What are the prime factors of 9400818?
2, 3, 7, 223829
What are the prime factors of 452730?
2, 3, 5, 15091
List the prime factors of 5739877.
11, 13, 41, 89
List the prime factors of 4669070.
2, 5, 7, 66701
What are the prime factors of 22275852?
2, 3, 571, 3251
What are the prime factors of 15574281?
3, 19, 273233
List the prime factors of 24413.
24413
List the prime factors of 903260.
2, 5, 19, 2377
List the prime factors of 4565655.
3, 5, 71, 1429
What are the prime factors of 86942?
2, 29, 1499
What are the prime factors of 85312?
2, 31, 43
List the prime factors of 1858911.
3, 107, 5791
What are the prime factors of 281188?
2, 70297
What are the prime factors of 33843?
3, 29, 389
List the prime factors of 1657.
1657
List the prime factors of 6628665.
3, 5, 43, 239
What are the prime factors of 2147601?
3, 715867
List the prime factors of 19609103.
89, 220327
What are the prime factors of 128937?
3, 42979
What are the prime factors of 5935182?
2, 3, 11, 19, 4733
List the prime factors of 6788472.
2, 3, 19, 14887
List the prime factors of 905438.
2, 29, 67, 233
What are the prime factors of 345556?
2, 86389
List the prime factors of 535021.
19, 29, 971
List the prime factors of 4735514.
2, 7, 338251
List the prime factors of 4018837.
4018837
List the prime factors of 114388.
2, 28597
List the prime factors of 1153121.
53, 21757
What are the prime factors of 1938806?
2, 969403
List the prime factors of 214629.
3, 29, 2467
List the prime factors of 210233.
210233
List the prime factors of 8314112.
2, 47, 691
List the prime factors of 18412626.
2, 3, 47, 65293
What are the prime factors of 1061034?
2, 3, 13, 61, 223
List the prime factors of 18519.
3, 6173
List the prime factors of 1594272.
2, 3, 16607
List the prime factors of 583195.
5, 116639
List the prime factors of 398426.
2, 7, 149, 191
List the prime factors of 1290285.
3, 5, 53, 541
List the prime factors of 3312907.
13, 19603
List the prime factors of 11214552.
2, 3, 37, 73, 173
What are the prime factors of 1406155?
5, 17, 71, 233
List the prime factors of 1389389.
31, 44819
List the prime factors of 991672.
2, 11, 59, 191
List the prime factors of 4305308.
2, 7, 179, 859
What are the prime factors of 98323?
98323
List the prime factors of 1488467.
1488467
List the prime factors of 947849.
7, 43, 47, 67
What are the prime factors of 1169263?
359, 3257
What are the prime factors of 7984073?
349, 22877
What are the prime factors of 1055806?
2, 643, 821
What are the prime factors of 1490834?
2, 137, 5441
List the prime factors of 269904.
2, 3, 5623
List the prime factors of 11717582.
2, 5858791
List the prime factors of 5270796.
2, 3, 41, 3571
List the prime factors of 849635.
5, 251, 677
What are the prime factors of 12297390?
2, 3, 5, 7, 31, 1889
List the prime factors of 20876377.
2833, 7369
What are the prime factors of 854896?
2, 7, 17, 449
List the prime factors of 471372.
2, 3, 11, 3571
List the prime factors of 5197656.
2, 3, 216569
List the prime factors of 6421149.
3, 7, 227, 449
List the prime factors of 5502785.
5, 1100557
What are the prime factors of 886753?
7, 18097
What are the prime factors of 328311?
3, 36479
What are the prime factors of 4190221?
7, 43, 13921
List the prime factors of 3756569.
47, 257, 311
What are the prime factors of 15853678?
2, 53, 149563
List the prime factors of 10424010.
2, 3, 5, 37, 9391
What are the prime factors of 110096?
2, 7, 983
What are the prime factors of 4326760?
2, 5, 23, 4703
List the prime factors of 1621584.
2, 3, 11261
List the prime factors of 643420.
2, 5, 53, 607
What are the prime factors of 907013?
863, 1051
List the prime factors of 10677358.
2, 439, 12161
What are the prime factors of 5426881?
1427, 3803
What are the prime factors of 28979?
28979
List the prime factors of 7928957.
877, 9041
What are the prime factors of 3225242?
2, 1612621
What are the prime factors of 1482401?
149, 9949
List the prime factors of 1767493.
7, 13, 19423
List the prime factors of 23180968.
2, 2897621
List the prime factors of 211571.
211571
List the prime factors of 9203806.
2, 43, 107021
What are the prime factors of 400960?
2, 5, 7, 179
What are the prime factors of 1942921?
19, 102259
What are the prime factors of 150161?
11, 17, 73
What are the prime factors of 596896?
2, 23, 811
List the prime factors of 2323456.
2, 2269
What are the prime factors of 6599153?
11, 29, 137, 151
What are the prime factors of 289839?
3, 11, 8783
What are the prime factors of 25548?
2, 3, 2129
What are the prime factors of 1017979?
101, 10079
What are the prime factors of 4398505?
5, 879701
What are the prime factors of 1543324?
2, 385831
List the prime factors of 1026972.
2, 3, 37, 257
What are the prime factors of 62798?
2, 17, 1847
List the prime factors of 795384.
2, 3, 11047
What are the prime factors of 6706489?
127, 52807
List the prime factors of 11516560.
2, 5, 11, 23, 569
List the prime factors of 863995.
5, 11, 23, 683
List the prime factors of 387278.
2, 83, 2333
What are the prime factors of 31304623?
7, 4472089
List the prime factors of 11021256.
2, 3, 153073
What are the prime factors of 113510?
2, 5, 11351
What are the prime factors of 83459?
83459
List the prime factors of 23380064.
2, 109, 6703
List the prime factors of 5892871.
1493, 3947
List the prime factors of 20726.
2, 43, 241
List the prime factors of 16152852.
2, 3, 41, 32831
What are the prime factors of 33281?
23, 1447
What are the prime factors of 3423434?
2, 7, 181, 193
What are the prime factors of 864282?
2, 3, 283, 509
List the prime factors of 186313.
211, 883
List the prime factors of 256423.
256423
What are the prime factors of 2537540?
2, 5, 71, 1787
What are the prime factors of 38287975?
5, 11, 29, 4801
List the prime factors of 1755261.
3, 195029
What are the prime factors of 273113?
273113
List the prime factors of 3281247.
3, 364583
What are the prime factors of 23724157?
4019, 5903
What are the prime factors of 1517668?
2, 379417
What are the prime factors of 1017412?
2, 11, 19, 1217
List the prime factors of 1619307.
3, 179923
List the prime factors of 5773179.
3, 1924393
List the prime factors of 639603.
3, 23689
What are the prime factors of 2262223?
2262223
What are the prime factors of 307619?
13, 23663
List the prime factors of 29255101.
89, 328709
List the prime factors of 1157895.
3, 5, 953
List the prime factors of 1252697.
733, 1709
List the prime factors of 3694164.
2, 3, 83, 3709
List the prime factors of 26784145.
5, 937, 5717
What are the prime factors of 1846206?
2, 3, 179, 191
What are the prime factors of 1954833?
3, 743, 877
What are the prime factors of 580010?
2, 5, 31, 1871
List the prime factors of 1130797.
29, 38993
List the prime factors of 6295457.
7, 17, 52903
List the prime factors of 494747.
11, 41, 1097
List the prime factors of 157392.
2, 3, 1093
List the prime factors of 337359.
3, 11, 10223
List the prime factors of 649546.
2, 324773
List the prime factors of 365231.
365231
List the prime factors of 561166.
2, 280583
List the prime factors of 289728.
2, 3, 503
What are the prime factors of 12626953?
37, 341269
List the prime factors of 1034377.
31, 61, 547
What are the prime factors of 294252?
2, 3, 7, 31, 113
List the prime factors of 7070251.
7